{"id":1633,"date":"2018-03-19T10:01:42","date_gmt":"2018-03-19T10:01:42","guid":{"rendered":"https:\/\/grupotesco.com\/politica-de-privacidad\/"},"modified":"2018-04-27T11:45:52","modified_gmt":"2018-04-27T11:45:52","slug":"politica-de-privacitat","status":"publish","type":"page","link":"https:\/\/grupotesco.com\/ca\/politica-de-privacitat\/","title":{"rendered":"POL\u00cdTICA DE PRIVACITAT"},"content":{"rendered":"<h2>POL\u00cdTICA DE PRIVACITAT<\/h2>\n<p><strong>Grupo Tesco\u00a0<\/strong>\u00e9s conscient de la import\u00e0ncia de la protecci\u00f3 de dades, aix\u00ed com de la privacitat de L&#8217;USUARI,\u00a0 per aix\u00f2 ha implementat una pol\u00edtica de tractament de dades orientada a proveir la m\u00e0xima seguretat en l&#8217;\u00fas i recollida de les mateixes, garantint l&#8217;acompliment de la normativa vigent en la mat\u00e8ria i configurant l&#8217;esmentada pol\u00edtica com a un dels pilars b\u00e0sics en les l\u00ednies d&#8217;actuaci\u00f3 de l&#8217;entitat.<\/p>\n<p>&nbsp;<\/p>\n<p><strong>Dades identificatives<\/strong><\/p>\n<p>En acompliment amb el deure de informaci\u00f3 recollit en l&#8217;article 10 de la Llei 34\/2002, de 11 de juliol, de Serveis de la Societat de la Informaci\u00f3 i del Comer\u00e7 electr\u00f2nic, a continuaci\u00f3 es reflexen les seg\u00fcents dades: l&#8217;empresa titular de www.grupotesco.com\u00a0\u00e9s <strong><em>T<\/em><\/strong><strong><em>\u00e9<\/em><\/strong><strong><em>cnicas y Sistemas de conservaci\u00f3<\/em><\/strong><strong><em>n SA<\/em><\/strong>\u00a0, (en davant Grupo Tesco)\u00a0amb domicili en Carrer Solanes 2 local, 08023 \u2013<strong>Barcelona<\/strong>, que \u00e9s la \u201cresponsable del tractament de les dades\u201d.; n\u00famero de C.I.F.: A-58141516. Correu electr\u00f2nic de contacte: info@grupotesco.com<\/p>\n<p>En www.grupotesco.com, respectem la seva informaci\u00f3 personal i amb el prop\u00f2sit d&#8217;acomplir amb les pol\u00edtiques de seguretat respectives concernents a tot el lloc web, que haurien de ser obligat\u00f2ries, els informo del seg\u00fcent.<\/p>\n<p><strong>Privacitat de les dades personals:<\/strong><\/p>\n<p>Les seves dades personals li pertanyen nom\u00e9s a vost\u00e8 i aquest lloc web \u00e9s responsable de no revelar cap mena d&#8217;informaci\u00f3 que li pertanyi (com <em>email<\/em>, n\u00fameros de <em>ip<\/em>, etc.), excepte la seva expressa autoritzaci\u00f3 o forces de natura major de tipus legal que l&#8217;involucren, com <em>hackejos<\/em> o suplantacions.<\/p>\n<p><strong>Responsabilitat de les opinions vesades:<\/strong><\/p>\n<p>Les publicacions a mode d&#8217;articles (tamb\u00e9 anomenats posts) s\u00f3n responsabilitat de l&#8217;autor del bloc. Els comentaris, vesats pels visitants, s\u00f3n responsabilitat d&#8217;ells mateixos i en cas que algun en viol\u00e9s es regles m\u00ednimes de respecte als altres i a les bones costums, aquestos serien esborrats per l&#8217;editor del bloc, sense esperar el seu consentiment.<\/p>\n<p><strong>Seguretat de la seva informaci\u00f3 personal:<\/strong><\/p>\n<p>Aquest lloc web es fa responsable de vetllar per la seva seguretat, per la privacitat de la seva informaci\u00f3 i pel respecte a les seves dades, d&#8217;acord amb les limitacions que l&#8217;actual Internet ens proveeix, sent conscients que no estem exclosos de patir algun atac per part de <em>crackers<\/em> o usuaris malintencionats que exercisquen la delinq\u00fc\u00e8ncia inform\u00e0tica.<\/p>\n<p><strong>Obtenci\u00f3 <\/strong><strong>de la seva informaci<\/strong><strong>\u00f3:<\/strong><\/p>\n<p>Totes les seves dades personals consignades en aquest lloc s\u00f3n subministrades per vost\u00e8 mateix, fent \u00fas sencer de la seva llibertat. La informaci\u00f3 aqu\u00ed emmagatzemada nom\u00e9s compr\u00e8n dades b\u00e0siques ingressades mitjan\u00e7ant formularis de contacte, comentaris o altres similars.<\/p>\n<p><strong>\u00das de la informaci\u00f3:<\/strong><\/p>\n<p>En proporcionar-nos les seves dades personals, estant d&#8217;acord amb la Pol\u00edtica de Privacitat aqu\u00ed consignada, ens autoritza\u00a0 per al seg\u00fcent \u00fas de la seva informaci\u00f3:<\/p>\n<p>* per a la finalitat mateixa per a la qual ha estat subministrada;<\/p>\n<p>* per a considerar-la dins de les nostres estad\u00edstiques de tr\u00e0nsit, incrementant aix\u00ed la nostra oferta publicit\u00e0ria i de mercat;<\/p>\n<p>* per a orientar millor els serveis aqu\u00ed oferts i valorar-los al seu criteri,<\/p>\n<p>* per a enviar e-mails amb els nostres butlletins, respondre inquietuds o comentaris, i mantenir informats els nostres usuaris.<\/p>\n<p>Modificacions a les nostres Pol\u00edtiques de Privacitat:<\/p>\n<p>El lloc web es reserva el dret de modificar, rectificar, alterar, agregar o eliminar qualsevol punt del present escrit en qualsevol moment i sense av\u00eds previ, sent la seva responsabilitat el mantenir-se informat del mateix per a una adequada administraci\u00f3 de la seva informaci\u00f3.<\/p>\n<p>&nbsp;<\/p>\n","protected":false},"excerpt":{"rendered":"<p>POL\u00cdTICA DE PRIVACITAT Grupo Tesco\u00a0\u00e9s conscient de la import\u00e0ncia de la protecci\u00f3 de dades, aix\u00ed com de la privacitat de L&#8217;USUARI,\u00a0 per aix\u00f2 ha implementat una pol\u00edtica de tractament de dades orientada a proveir la m\u00e0xima seguretat en l&#8217;\u00fas i recollida de les mateixes, garantint l&#8217;acompliment de la normativa vigent en la mat\u00e8ria i configurant  [&#8230;]<\/p>\n","protected":false},"author":1,"featured_media":0,"parent":0,"menu_order":0,"comment_status":"closed","ping_status":"closed","template":"","meta":{"footnotes":""},"class_list":["post-1633","page","type-page","status-publish","hentry"],"yoast_head":"<!-- This site is optimized with the Yoast SEO plugin v26.7 - https:\/\/yoast.com\/wordpress\/plugins\/seo\/ -->\n<title>POL\u00cdTICA DE PRIVACITAT - Grupo Tesco<\/title>\n<meta name=\"robots\" content=\"index, follow, max-snippet:-1, max-image-preview:large, max-video-preview:-1\" \/>\n<link rel=\"canonical\" href=\"https:\/\/grupotesco.com\/ca\/politica-de-privacitat\/\" \/>\n<meta property=\"og:locale\" content=\"ca_ES\" \/>\n<meta property=\"og:type\" content=\"article\" \/>\n<meta property=\"og:title\" content=\"POL\u00cdTICA DE PRIVACITAT - Grupo Tesco\" \/>\n<meta property=\"og:description\" content=\"POL\u00cdTICA DE PRIVACITAT Grupo Tesco\u00a0\u00e9s conscient de la import\u00e0ncia de la protecci\u00f3 de dades, aix\u00ed com de la privacitat de L&#8217;USUARI,\u00a0 per aix\u00f2 ha implementat una pol\u00edtica de tractament de dades orientada a proveir la m\u00e0xima seguretat en l&#8217;\u00fas i recollida de les mateixes, garantint l&#8217;acompliment de la normativa vigent en la mat\u00e8ria i configurant [...]\" \/>\n<meta property=\"og:url\" content=\"https:\/\/grupotesco.com\/ca\/politica-de-privacitat\/\" \/>\n<meta property=\"og:site_name\" content=\"Grupo Tesco\" \/>\n<meta property=\"article:publisher\" content=\"https:\/\/www.facebook.com\/GRUPOTESCOFMS\/\" \/>\n<meta property=\"article:modified_time\" content=\"2018-04-27T11:45:52+00:00\" \/>\n<meta name=\"twitter:card\" content=\"summary_large_image\" \/>\n<meta name=\"twitter:site\" content=\"@GRUPOTESCO\" \/>\n<meta name=\"twitter:label1\" content=\"Temps estimat de lectura\" \/>\n\t<meta name=\"twitter:data1\" content=\"3 minuts\" \/>\n<script type=\"application\/ld+json\" class=\"yoast-schema-graph\">{\"@context\":\"https:\/\/schema.org\",\"@graph\":[{\"@type\":\"WebPage\",\"@id\":\"https:\/\/grupotesco.com\/ca\/politica-de-privacitat\/\",\"url\":\"https:\/\/grupotesco.com\/ca\/politica-de-privacitat\/\",\"name\":\"POL\u00cdTICA DE PRIVACITAT - Grupo Tesco\",\"isPartOf\":{\"@id\":\"https:\/\/grupotesco.com\/#website\"},\"datePublished\":\"2018-03-19T10:01:42+00:00\",\"dateModified\":\"2018-04-27T11:45:52+00:00\",\"breadcrumb\":{\"@id\":\"https:\/\/grupotesco.com\/ca\/politica-de-privacitat\/#breadcrumb\"},\"inLanguage\":\"ca\",\"potentialAction\":[{\"@type\":\"ReadAction\",\"target\":[\"https:\/\/grupotesco.com\/ca\/politica-de-privacitat\/\"]}]},{\"@type\":\"BreadcrumbList\",\"@id\":\"https:\/\/grupotesco.com\/ca\/politica-de-privacitat\/#breadcrumb\",\"itemListElement\":[{\"@type\":\"ListItem\",\"position\":1,\"name\":\"Portada\",\"item\":\"https:\/\/grupotesco.com\/ca\/\"},{\"@type\":\"ListItem\",\"position\":2,\"name\":\"POL\u00cdTICA DE PRIVACITAT\"}]},{\"@type\":\"WebSite\",\"@id\":\"https:\/\/grupotesco.com\/#website\",\"url\":\"https:\/\/grupotesco.com\/\",\"name\":\"Grupo Tesco, servicios de limpieza\",\"description\":\"Facility Management &amp; Services\",\"publisher\":{\"@id\":\"https:\/\/grupotesco.com\/#organization\"},\"potentialAction\":[{\"@type\":\"SearchAction\",\"target\":{\"@type\":\"EntryPoint\",\"urlTemplate\":\"https:\/\/grupotesco.com\/?s={search_term_string}\"},\"query-input\":{\"@type\":\"PropertyValueSpecification\",\"valueRequired\":true,\"valueName\":\"search_term_string\"}}],\"inLanguage\":\"ca\"},{\"@type\":\"Organization\",\"@id\":\"https:\/\/grupotesco.com\/#organization\",\"name\":\"Grupo Tesco, servicios de limpieza\",\"url\":\"https:\/\/grupotesco.com\/\",\"logo\":{\"@type\":\"ImageObject\",\"inLanguage\":\"ca\",\"@id\":\"https:\/\/grupotesco.com\/#\/schema\/logo\/image\/\",\"url\":\"https:\/\/grupotesco.com\/wp-content\/uploads\/2018\/03\/emppresa-de-limpieza.jpg\",\"contentUrl\":\"https:\/\/grupotesco.com\/wp-content\/uploads\/2018\/03\/emppresa-de-limpieza.jpg\",\"width\":437,\"height\":120,\"caption\":\"Grupo Tesco, servicios de limpieza\"},\"image\":{\"@id\":\"https:\/\/grupotesco.com\/#\/schema\/logo\/image\/\"},\"sameAs\":[\"https:\/\/www.facebook.com\/GRUPOTESCOFMS\/\",\"https:\/\/x.com\/GRUPOTESCO\",\"https:\/\/www.linkedin.com\/company\/11229041\/\",\"https:\/\/www.youtube.com\/channel\/UC6uJD18fWugblAQjIkOAZnw\"]}]}<\/script>\n<!-- \/ Yoast SEO plugin. -->","yoast_head_json":{"title":"POL\u00cdTICA DE PRIVACITAT - Grupo Tesco","robots":{"index":"index","follow":"follow","max-snippet":"max-snippet:-1","max-image-preview":"max-image-preview:large","max-video-preview":"max-video-preview:-1"},"canonical":"https:\/\/grupotesco.com\/ca\/politica-de-privacitat\/","og_locale":"ca_ES","og_type":"article","og_title":"POL\u00cdTICA DE PRIVACITAT - Grupo Tesco","og_description":"POL\u00cdTICA DE PRIVACITAT Grupo Tesco\u00a0\u00e9s conscient de la import\u00e0ncia de la protecci\u00f3 de dades, aix\u00ed com de la privacitat de L&#8217;USUARI,\u00a0 per aix\u00f2 ha implementat una pol\u00edtica de tractament de dades orientada a proveir la m\u00e0xima seguretat en l&#8217;\u00fas i recollida de les mateixes, garantint l&#8217;acompliment de la normativa vigent en la mat\u00e8ria i configurant [...]","og_url":"https:\/\/grupotesco.com\/ca\/politica-de-privacitat\/","og_site_name":"Grupo Tesco","article_publisher":"https:\/\/www.facebook.com\/GRUPOTESCOFMS\/","article_modified_time":"2018-04-27T11:45:52+00:00","twitter_card":"summary_large_image","twitter_site":"@GRUPOTESCO","twitter_misc":{"Temps estimat de lectura":"3 minuts"},"schema":{"@context":"https:\/\/schema.org","@graph":[{"@type":"WebPage","@id":"https:\/\/grupotesco.com\/ca\/politica-de-privacitat\/","url":"https:\/\/grupotesco.com\/ca\/politica-de-privacitat\/","name":"POL\u00cdTICA DE PRIVACITAT - Grupo Tesco","isPartOf":{"@id":"https:\/\/grupotesco.com\/#website"},"datePublished":"2018-03-19T10:01:42+00:00","dateModified":"2018-04-27T11:45:52+00:00","breadcrumb":{"@id":"https:\/\/grupotesco.com\/ca\/politica-de-privacitat\/#breadcrumb"},"inLanguage":"ca","potentialAction":[{"@type":"ReadAction","target":["https:\/\/grupotesco.com\/ca\/politica-de-privacitat\/"]}]},{"@type":"BreadcrumbList","@id":"https:\/\/grupotesco.com\/ca\/politica-de-privacitat\/#breadcrumb","itemListElement":[{"@type":"ListItem","position":1,"name":"Portada","item":"https:\/\/grupotesco.com\/ca\/"},{"@type":"ListItem","position":2,"name":"POL\u00cdTICA DE PRIVACITAT"}]},{"@type":"WebSite","@id":"https:\/\/grupotesco.com\/#website","url":"https:\/\/grupotesco.com\/","name":"Grupo Tesco, servicios de limpieza","description":"Facility Management &amp; Services","publisher":{"@id":"https:\/\/grupotesco.com\/#organization"},"potentialAction":[{"@type":"SearchAction","target":{"@type":"EntryPoint","urlTemplate":"https:\/\/grupotesco.com\/?s={search_term_string}"},"query-input":{"@type":"PropertyValueSpecification","valueRequired":true,"valueName":"search_term_string"}}],"inLanguage":"ca"},{"@type":"Organization","@id":"https:\/\/grupotesco.com\/#organization","name":"Grupo Tesco, servicios de limpieza","url":"https:\/\/grupotesco.com\/","logo":{"@type":"ImageObject","inLanguage":"ca","@id":"https:\/\/grupotesco.com\/#\/schema\/logo\/image\/","url":"https:\/\/grupotesco.com\/wp-content\/uploads\/2018\/03\/emppresa-de-limpieza.jpg","contentUrl":"https:\/\/grupotesco.com\/wp-content\/uploads\/2018\/03\/emppresa-de-limpieza.jpg","width":437,"height":120,"caption":"Grupo Tesco, servicios de limpieza"},"image":{"@id":"https:\/\/grupotesco.com\/#\/schema\/logo\/image\/"},"sameAs":["https:\/\/www.facebook.com\/GRUPOTESCOFMS\/","https:\/\/x.com\/GRUPOTESCO","https:\/\/www.linkedin.com\/company\/11229041\/","https:\/\/www.youtube.com\/channel\/UC6uJD18fWugblAQjIkOAZnw"]}]}},"_links":{"self":[{"href":"https:\/\/grupotesco.com\/ca\/wp-json\/wp\/v2\/pages\/1633\/"}],"collection":[{"href":"https:\/\/grupotesco.com\/ca\/wp-json\/wp\/v2\/pages\/"}],"about":[{"href":"https:\/\/grupotesco.com\/ca\/wp-json\/wp\/v2\/types\/page\/"}],"author":[{"embeddable":true,"href":"https:\/\/grupotesco.com\/ca\/wp-json\/wp\/v2\/users\/1\/"}],"replies":[{"embeddable":true,"href":"https:\/\/grupotesco.com\/ca\/wp-json\/wp\/v2\/comments\/?post=1633"}],"version-history":[{"count":0,"href":"https:\/\/grupotesco.com\/ca\/wp-json\/wp\/v2\/pages\/1633\/revisions\/"}],"wp:attachment":[{"href":"https:\/\/grupotesco.com\/ca\/wp-json\/wp\/v2\/media\/?parent=1633"}],"curies":[{"name":"wp","href":"https:\/\/api.w.org\/{rel}","templated":true}]}}

POLÍTICA DE PRIVACITAT

<h2>POLÍTICA DE PRIVACITAT</h2>
<p><strong>Grupo Tesco </strong>és conscient de la importància de la protecció de dades, així com de la privacitat de L&#8217;USUARI,  per això ha implementat una política de tractament de dades orientada a proveir la màxima seguretat en l&#8217;ús i recollida de les mateixes, garantint l&#8217;acompliment de la normativa vigent en la matèria i configurant l&#8217;esmentada política com a un dels pilars bàsics en les línies d&#8217;actuació de l&#8217;entitat.</p>
<p>&nbsp;</p>
<p><strong>Dades identificatives</strong></p>
<p>En acompliment amb el deure de informació recollit en l&#8217;article 10 de la Llei 34/2002, de 11 de juliol, de Serveis de la Societat de la Informació i del Comerç electrònic, a continuació es reflexen les següents dades: l&#8217;empresa titular de www.grupotesco.com és <strong><em>T</em></strong><strong><em>é</em></strong><strong><em>cnicas y Sistemas de conservació</em></strong><strong><em>n SA</em></strong> , (en davant Grupo Tesco) amb domicili en Carrer Solanes 2 local, 08023 –<strong>Barcelona</strong>, que és la “responsable del tractament de les dades”.; número de C.I.F.: A-58141516. Correu electrònic de contacte: info@grupotesco.com</p>
<p>En www.grupotesco.com, respectem la seva informació personal i amb el propòsit d&#8217;acomplir amb les polítiques de seguretat respectives concernents a tot el lloc web, que haurien de ser obligatòries, els informo del següent.</p>
<p><strong>Privacitat de les dades personals:</strong></p>
<p>Les seves dades personals li pertanyen només a vostè i aquest lloc web és responsable de no revelar cap mena d&#8217;informació que li pertanyi (com <em>email</em>, números de <em>ip</em>, etc.), excepte la seva expressa autorització o forces de natura major de tipus legal que l&#8217;involucren, com <em>hackejos</em> o suplantacions.</p>
<p><strong>Responsabilitat de les opinions vesades:</strong></p>
<p>Les publicacions a mode d&#8217;articles (també anomenats posts) són responsabilitat de l&#8217;autor del bloc. Els comentaris, vesats pels visitants, són responsabilitat d&#8217;ells mateixos i en cas que algun en violés es regles mínimes de respecte als altres i a les bones costums, aquestos serien esborrats per l&#8217;editor del bloc, sense esperar el seu consentiment.</p>
<p><strong>Seguretat de la seva informació personal:</strong></p>
<p>Aquest lloc web es fa responsable de vetllar per la seva seguretat, per la privacitat de la seva informació i pel respecte a les seves dades, d&#8217;acord amb les limitacions que l&#8217;actual Internet ens proveeix, sent conscients que no estem exclosos de patir algun atac per part de <em>crackers</em> o usuaris malintencionats que exercisquen la delinqüència informàtica.</p>
<p><strong>Obtenció </strong><strong>de la seva informaci</strong><strong>ó:</strong></p>
<p>Totes les seves dades personals consignades en aquest lloc són subministrades per vostè mateix, fent ús sencer de la seva llibertat. La informació aquí emmagatzemada només comprèn dades bàsiques ingressades mitjançant formularis de contacte, comentaris o altres similars.</p>
<p><strong>Ús de la informació:</strong></p>
<p>En proporcionar-nos les seves dades personals, estant d&#8217;acord amb la Política de Privacitat aquí consignada, ens autoritza  per al següent ús de la seva informació:</p>
<p>* per a la finalitat mateixa per a la qual ha estat subministrada;</p>
<p>* per a considerar-la dins de les nostres estadístiques de trànsit, incrementant així la nostra oferta publicitària i de mercat;</p>
<p>* per a orientar millor els serveis aquí oferts i valorar-los al seu criteri,</p>
<p>* per a enviar e-mails amb els nostres butlletins, respondre inquietuds o comentaris, i mantenir informats els nostres usuaris.</p>
<p>Modificacions a les nostres Polítiques de Privacitat:</p>
<p>El lloc web es reserva el dret de modificar, rectificar, alterar, agregar o eliminar qualsevol punt del present escrit en qualsevol moment i sense avís previ, sent la seva responsabilitat el mantenir-se informat del mateix per a una adequada administració de la seva informació.</p>
<p>&nbsp;</p>

<p>POLÍTICA DE PRIVACITAT Grupo Tesco és conscient de la importància de la protecció de dades, així com de la privacitat de L&#8217;USUARI,  per això ha implementat una política de tractament de dades orientada a proveir la màxima seguretat en l&#8217;ús i recollida de les mateixes, garantint l&#8217;acompliment de la normativa vigent en la matèria i configurant  [&#8230;]</p>

<!-- This site is optimized with the Yoast SEO plugin v26.7 - https://yoast.com/wordpress/plugins/seo/ -->
<title>POLÍTICA DE PRIVACITAT - Grupo Tesco</title>
<meta name="robots" content="index, follow, max-snippet:-1, max-image-preview:large, max-video-preview:-1" />
<link rel="canonical" href="https://grupotesco.com/ca/politica-de-privacitat/" />
<meta property="og:locale" content="ca_ES" />
<meta property="og:type" content="article" />
<meta property="og:title" content="POLÍTICA DE PRIVACITAT - Grupo Tesco" />
<meta property="og:description" content="POLÍTICA DE PRIVACITAT Grupo Tesco és conscient de la importància de la protecció de dades, així com de la privacitat de L&#8217;USUARI,  per això ha implementat una política de tractament de dades orientada a proveir la màxima seguretat en l&#8217;ús i recollida de les mateixes, garantint l&#8217;acompliment de la normativa vigent en la matèria i configurant [...]" />
<meta property="og:url" content="https://grupotesco.com/ca/politica-de-privacitat/" />
<meta property="og:site_name" content="Grupo Tesco" />
<meta property="article:publisher" content="https://www.facebook.com/GRUPOTESCOFMS/" />
<meta property="article:modified_time" content="2018-04-27T11:45:52+00:00" />
<meta name="twitter:card" content="summary_large_image" />
<meta name="twitter:site" content="@GRUPOTESCO" />
<meta name="twitter:label1" content="Temps estimat de lectura" />
	<meta name="twitter:data1" content="3 minuts" />
<script type="application/ld+json" class="yoast-schema-graph">{"@context":"https://schema.org","@graph":[{"@type":"WebPage","@id":"https://grupotesco.com/ca/politica-de-privacitat/","url":"https://grupotesco.com/ca/politica-de-privacitat/","name":"POLÍTICA DE PRIVACITAT - Grupo Tesco","isPartOf":{"@id":"https://grupotesco.com/#website"},"datePublished":"2018-03-19T10:01:42+00:00","dateModified":"2018-04-27T11:45:52+00:00","breadcrumb":{"@id":"https://grupotesco.com/ca/politica-de-privacitat/#breadcrumb"},"inLanguage":"ca","potentialAction":[{"@type":"ReadAction","target":["https://grupotesco.com/ca/politica-de-privacitat/"]}]},{"@type":"BreadcrumbList","@id":"https://grupotesco.com/ca/politica-de-privacitat/#breadcrumb","itemListElement":[{"@type":"ListItem","position":1,"name":"Portada","item":"https://grupotesco.com/ca/"},{"@type":"ListItem","position":2,"name":"POLÍTICA DE PRIVACITAT"}]},{"@type":"WebSite","@id":"https://grupotesco.com/#website","url":"https://grupotesco.com/","name":"Grupo Tesco, servicios de limpieza","description":"Facility Management &amp; Services","publisher":{"@id":"https://grupotesco.com/#organization"},"potentialAction":[{"@type":"SearchAction","target":{"@type":"EntryPoint","urlTemplate":"https://grupotesco.com/?s={search_term_string}"},"query-input":{"@type":"PropertyValueSpecification","valueRequired":true,"valueName":"search_term_string"}}],"inLanguage":"ca"},{"@type":"Organization","@id":"https://grupotesco.com/#organization","name":"Grupo Tesco, servicios de limpieza","url":"https://grupotesco.com/","logo":{"@type":"ImageObject","inLanguage":"ca","@id":"https://grupotesco.com/#/schema/logo/image/","url":"https://grupotesco.com/wp-content/uploads/2018/03/emppresa-de-limpieza.jpg","contentUrl":"https://grupotesco.com/wp-content/uploads/2018/03/emppresa-de-limpieza.jpg","width":437,"height":120,"caption":"Grupo Tesco, servicios de limpieza"},"image":{"@id":"https://grupotesco.com/#/schema/logo/image/"},"sameAs":["https://www.facebook.com/GRUPOTESCOFMS/","https://x.com/GRUPOTESCO","https://www.linkedin.com/company/11229041/","https://www.youtube.com/channel/UC6uJD18fWugblAQjIkOAZnw"]}]}</script>
<!-- / Yoast SEO plugin. -->

POLÍTICA DE PRIVACITAT - Grupo Tesco

POLÍTICA DE PRIVACITAT Grupo Tesco és conscient de la importància de la protecció de dades, així com de la privacitat de L&#8217;USUARI,  per això ha implementat una política de tractament de dades orientada a proveir la màxima seguretat en l&#8217;ús i recollida de les mateixes, garantint l&#8217;acompliment de la normativa vigent en la matèria i configurant [...]
